{"id":15077,"date":"2023-04-24T14:12:42","date_gmt":"2023-04-24T12:12:42","guid":{"rendered":"https:\/\/smbf.pl\/?post_type=tablice&#038;p=15077"},"modified":"2023-06-06T09:40:37","modified_gmt":"2023-06-06T07:40:37","slug":"hold-gorali","status":"publish","type":"tablice","link":"https:\/\/smbf.pl\/en\/tablice\/hold-gorali\/","title":{"rendered":"HO\u0141D G\u00d3RALI"},"content":{"rendered":"\n<p>Najukocha\u0144szy Ojcze \u015awi\u0119ty!&nbsp;&nbsp;&nbsp;&nbsp;&nbsp;&nbsp;&nbsp;&nbsp;&nbsp;&nbsp;&nbsp;&nbsp;&nbsp;&nbsp;&nbsp;&nbsp;&nbsp;&nbsp;&nbsp;&nbsp;&nbsp;&nbsp;&nbsp;&nbsp;&nbsp;&nbsp;&nbsp;&nbsp;&nbsp;&nbsp;<\/p>\n\n\n\n<p>Szcz\u0119\u015bliwi i wdzi\u0119czni Bogu w Tr\u00f3jcy Jedynemu, i\u017c wejrza\u0142 na nisko\u015b\u0107 nasz\u0105,<br>a Nar\u00f3d Polski wyd\u017awign\u0105\u0142, wyni\u00f3s\u0142 w wielkim Synu g\u00f3r naszych i zawo\u0142a\u0142<br>do g\u00f3r \u015bwi\u0119to\u015bci niebieskich, pchn\u0105\u0142 na szlak zwyci\u0119stw nad z\u0142em, \u017ceby<br>grzechy, wady powyp\u0119dza\u0107, by zakwit\u0142o mi\u0142o\u015bci\u0105 rodzinne szcz\u0119\u015bcie, oczy dzieci<br>i m\u0142odzie\u017cy by\u0142y ufne, czyste, a \u017cycie m\u0119\u017cczyzn, kobiet i starc\u00f3w m\u0119\u017cne, owocne,<br>pogodne wiar\u0105.&nbsp;<br><br>Przeto dzi\u0119kujemy, Ojcze \u015awi\u0119ty, \u017ce\u015b nas wydosta\u0142 z czerwonej niewoli, a<br>teraz chcesz i uczysz, jak dom ojczysty, polski wysprz\u0105ta\u0107 z tego, co<br>ha\u0144bi, rujnuje, zniewala, gubi. Dzi\u0119kujemy za ojcowsk\u0105 i synowsk\u0105<br>trosk\u0119. Dzi\u0119kujemy za modlitwy, upomnienia i ofiary Twoje, a w czym \u017ce\u015bmy<br>Boga zdradzili i Ciebie zawiedli, zasmucili, przepraszamy.<br><br>Przepraszamy za zw\u0105tpienie, niedochowanie wierno\u015bci, nieodpowiedzialne korzystanie<br>z daru wolno\u015bci. Przyrzekamy, jak ten krzy\u017c na Giewoncie mocno trwa\u0107 w wierze<br>i tradycji chlubnej przodk\u00f3w naszych, a \u015alub\u00f3w Jasnog\u00f3rskich Narodu Polskiego<br>dochowa\u0107. Jak ongi\u015b ksi\u0105\u017c\u0119 Mieszko u zarania dziej\u00f3w naszych ziemie<br>polskie podda\u0142 Stolicy Apostolskiej, tak my, g\u00f3rale polscy, dzisiaj,<br>dnia 6 czerwca Roku Pa\u0144skiego 1997 u st\u00f3p krzy\u017ca na Giewoncie sk\u0142adamy<br>ho\u0142d najukocha\u0144szemu Synowi g\u00f3r, najwi\u0119kszemu z rodu Polak\u00f3w, Papie\u017cowi,<br>Ojcu \u015awi\u0119temu Janowi Paw\u0142owi II, zawierzaj\u0105c nasze rodziny, nas samych i<br>te g\u00f3ry nasze, \u015bwiadomi, \u017ce On nam przed Bogiem i lud\u017ami najwi\u0119kszej<br>krasy dodaje swoim \u015bwi\u0119tym pasterzowaniem.<br><br>&nbsp;Pom\u00f3\u017c nam, Ojcze \u015awi\u0119ty, swoim b\u0142ogos\u0142awie\u0144stwem wydosta\u0107 si\u0119 z<br>wszelkiej \u015bmierci do \u017cycia, mi\u0142o\u015bci\u0105 prawdziw\u0105 i tak przej\u015b\u0107 pr\u00f3g nadziei<br>w nowe, trzecie Tysi\u0105clecie.<br>Panie Bo\u017ce, prowad\u017a!&nbsp;&nbsp;&nbsp;&nbsp;&nbsp;&nbsp;<\/p>\n\n\n\n<h2 class=\"wp-block-heading\">English<\/h2>\n","protected":false},"featured_media":15078,"parent":0,"menu_order":0,"template":"","class_list":["post-15077","tablice","type-tablice","status-publish","has-post-thumbnail","hentry"],"acf":[],"_links":{"self":[{"href":"https:\/\/smbf.pl\/en\/wp-json\/wp\/v2\/tablice\/15077","targetHints":{"allow":["GET"]}}],"collection":[{"href":"https:\/\/smbf.pl\/en\/wp-json\/wp\/v2\/tablice"}],"about":[{"href":"https:\/\/smbf.pl\/en\/wp-json\/wp\/v2\/types\/tablice"}],"wp:featuredmedia":[{"embeddable":true,"href":"https:\/\/smbf.pl\/en\/wp-json\/wp\/v2\/media\/15078"}],"wp:attachment":[{"href":"https:\/\/smbf.pl\/en\/wp-json\/wp\/v2\/media?parent=15077"}],"curies":[{"name":"wp","href":"https:\/\/api.w.org\/{rel}","templated":true}]}}

HOŁD GÓRALI

<p>Najukochańszy Ojcze Święty!&nbsp;&nbsp;&nbsp;&nbsp;&nbsp;&nbsp;&nbsp;&nbsp;&nbsp;&nbsp;&nbsp;&nbsp;&nbsp;&nbsp;&nbsp;&nbsp;&nbsp;&nbsp;&nbsp;&nbsp;&nbsp;&nbsp;&nbsp;&nbsp;&nbsp;&nbsp;&nbsp;&nbsp;&nbsp;&nbsp;</p>



<p>Szczęśliwi i wdzięczni Bogu w Trójcy Jedynemu, iż wejrzał na niskość naszą,<br>a Naród Polski wydźwignął, wyniósł w wielkim Synu gór naszych i zawołał<br>do gór świętości niebieskich, pchnął na szlak zwycięstw nad złem, żeby<br>grzechy, wady powypędzać, by zakwitło miłością rodzinne szczęście, oczy dzieci<br>i młodzieży były ufne, czyste, a życie mężczyzn, kobiet i starców mężne, owocne,<br>pogodne wiarą.&nbsp;<br><br>Przeto dziękujemy, Ojcze Święty, żeś nas wydostał z czerwonej niewoli, a<br>teraz chcesz i uczysz, jak dom ojczysty, polski wysprzątać z tego, co<br>hańbi, rujnuje, zniewala, gubi. Dziękujemy za ojcowską i synowską<br>troskę. Dziękujemy za modlitwy, upomnienia i ofiary Twoje, a w czym żeśmy<br>Boga zdradzili i Ciebie zawiedli, zasmucili, przepraszamy.<br><br>Przepraszamy za zwątpienie, niedochowanie wierności, nieodpowiedzialne korzystanie<br>z daru wolności. Przyrzekamy, jak ten krzyż na Giewoncie mocno trwać w wierze<br>i tradycji chlubnej przodków naszych, a Ślubów Jasnogórskich Narodu Polskiego<br>dochować. Jak ongiś książę Mieszko u zarania dziejów naszych ziemie<br>polskie poddał Stolicy Apostolskiej, tak my, górale polscy, dzisiaj,<br>dnia 6 czerwca Roku Pańskiego 1997 u stóp krzyża na Giewoncie składamy<br>hołd najukochańszemu Synowi gór, największemu z rodu Polaków, Papieżowi,<br>Ojcu Świętemu Janowi Pawłowi II, zawierzając nasze rodziny, nas samych i<br>te góry nasze, świadomi, że On nam przed Bogiem i ludźmi największej<br>krasy dodaje swoim świętym pasterzowaniem.<br><br>&nbsp;Pomóż nam, Ojcze Święty, swoim błogosławieństwem wydostać się z<br>wszelkiej śmierci do życia, miłością prawdziwą i tak przejść próg nadziei<br>w nowe, trzecie Tysiąclecie.<br>Panie Boże, prowadź!&nbsp;&nbsp;&nbsp;&nbsp;&nbsp;&nbsp;</p>



<h2 class="wp-block-heading">English</h2>
