{"id":20471,"date":"2024-07-13T05:15:00","date_gmt":"2024-07-13T03:15:00","guid":{"rendered":"https:\/\/smbf.pl\/?post_type=tablice&#038;p=20471"},"modified":"2024-07-12T09:16:21","modified_gmt":"2024-07-12T07:16:21","slug":"xv-niedziela-zwykla-14-lipca-2024-r","status":"publish","type":"tablice","link":"https:\/\/smbf.pl\/en\/tablice\/xv-niedziela-zwykla-14-lipca-2024-r\/","title":{"rendered":"XV Niedziela zwyk\u0142a \u2013 14 lipca\u00a02024\u00a0r."},"content":{"rendered":"\n<p><strong>1.<\/strong><strong>&nbsp;Dzisiaj przypada w Sanktuarium Niedziela Fatimska<\/strong>. Przypominamy, \u017ce&nbsp;<\/p>\n\n\n\n<p>uroczysto\u015bciom&nbsp;<strong>fatimskim przewodniczy J. E. Ks. Bp S\u0142awomir Oder&nbsp;<\/strong><strong><br><\/strong><strong>z Gliwic.&nbsp;<\/strong>Zatem o godz. 10.00 rozpocznie si\u0119 procesja r\u00f3\u017ca\u0144cowa w parku fatimskim, o godz. 11.00 &#8211; uroczysta Eucharystia, w konsekwencji \u2013 jak zawsze&nbsp;<br>w fatimsk\u0105 niedziel\u0119 &#8211; nie b\u0119dzie Mszy \u015bw. o godz. 10.00 i 11.30. Pozosta\u0142e bez zmian. Wszystkich serdecznie zach\u0119camy do udzia\u0142u w modlitwie za Ko\u015bci\u00f3\u0142 \u015awi\u0119ty, nasz\u0105 Ojczyzn\u0119 oraz pok\u00f3j na \u015bwiecie, zw\u0142aszcza w Ukrainie.&nbsp;<\/p>\n\n\n\n<p><strong><em>2.<\/em><\/strong><strong><em>&nbsp;<\/em><\/strong>W&nbsp;najbli\u017cszy czwartek&nbsp;o godz.&nbsp;<strong>20.00<\/strong>&nbsp;rozpocznie si\u0119&nbsp;<strong>Godzina Uwielbienia<\/strong>&nbsp;po\u0142\u0105czona&nbsp;z indywidualnym b\u0142ogos\u0142awie\u0144stwem Naj\u015bwi\u0119tszym Sakramentem.&nbsp;<br>W zwi\u0105zku&nbsp;z powy\u017cszym serdecznie zach\u0119camy do udzia\u0142u w tej modlitwie nie tylko wiernych naszej parafii ale tak\u017ce wszystkich wypoczywaj\u0105cych&nbsp;<br>w Zakopanem.&nbsp;<\/p>\n\n\n\n<p><strong>3.<\/strong>&nbsp;Pielgrzym\u00f3w nawiedzaj\u0105cych Sanktuarium Pani Fatimskiej na Krzept\u00f3wkach informujemy o sta\u0142ej modlitwie za Ko\u015bci\u00f3\u0142 \u015awi\u0119ty, Ojca \u015awi\u0119tego Franciszka&nbsp;<br>i nasz\u0105 Ojczyzn\u0119;&nbsp;<strong>o godz. 12.00<\/strong>&nbsp;codziennie sprawowana jest Msza \u015bw. w intencji ca\u0142ego Ko\u015bcio\u0142a i naszej Ojczyzny, poprzedzona nabo\u017ce\u0144stwem r\u00f3\u017ca\u0144cowym&nbsp;<br>o godz. 11.30;&nbsp;<strong>o godz. 15.00<\/strong>&nbsp;\u2013 w kaplicy Matki Bo\u017cej &#8211; nabo\u017ce\u0144stwo do Bo\u017cego Mi\u0142osierdzia i &nbsp;adoracja&nbsp;Naj\u015bw. Sakramentu do godz. 17.45, o&nbsp;godz. 21.00&nbsp;\u2013 Apel Jasnog\u00f3rski. A<a><\/a>&nbsp;z Sakramentu pojednania mo\u017cna skorzysta\u0107 na ka\u017cdej Mszy \u015bw. oraz codziennie od godz. 9.00 \u2013 13.00 i od 15.00 do 18.00.<\/p>\n\n\n\n<p><strong>4.<\/strong>&nbsp;W pomieszczeniu&nbsp;<strong>z&nbsp;<\/strong><strong>Pami\u0105tkami i Dewocjonaliami<\/strong>, kt\u00f3re znajduje si\u0119 przy wej\u015bciu do parku fatimskiego, znajduj\u0105 si\u0119 publikacje dotycz\u0105ce fatimskiego or\u0119dzia Matki Bo\u017cej, te kt\u00f3re ukazuj\u0105 charyzmat tego miejsca, modlitewnik fatimski, natomiast w naszej furcie po ka\u017cdej Mszy \u015bw. mo\u017cna zam\u00f3wi\u0107 intencje; indywidualne, gregoria\u0144skie i wieczyste.<\/p>\n\n\n\n<p><strong>Trwaj\u0105 wakacje<\/strong>\u2026 wi\u0119c razem za Wami patrz\u0119 na Jutrzenk\u0119 i od niej chc\u0119 si\u0119 uczy\u0107\u2026 ona emanuje swoje pi\u0119kno nawet, gdy nikt na ni\u0105 nie patrzy. B\u0142ogos\u0142awionej niedzieli&nbsp;<br>i niech Pani Fatimska strze\u017ce naszych wakacyjnych dr\u00f3g a B\u00f3g niech nas wspiera swoim b\u0142ogos\u0142awie\u0144stwem.<\/p>\n","protected":false},"featured_media":0,"parent":0,"menu_order":0,"template":"","class_list":["post-20471","tablice","type-tablice","status-publish","hentry"],"acf":[],"_links":{"self":[{"href":"https:\/\/smbf.pl\/en\/wp-json\/wp\/v2\/tablice\/20471","targetHints":{"allow":["GET"]}}],"collection":[{"href":"https:\/\/smbf.pl\/en\/wp-json\/wp\/v2\/tablice"}],"about":[{"href":"https:\/\/smbf.pl\/en\/wp-json\/wp\/v2\/types\/tablice"}],"wp:attachment":[{"href":"https:\/\/smbf.pl\/en\/wp-json\/wp\/v2\/media?parent=20471"}],"curies":[{"name":"wp","href":"https:\/\/api.w.org\/{rel}","templated":true}]}}

XV Niedziela zwykła – 14 lipca 2024 r.

<p><strong>1.</strong><strong>&nbsp;Dzisiaj przypada w Sanktuarium Niedziela Fatimska</strong>. Przypominamy, że&nbsp;</p>



<p>uroczystościom&nbsp;<strong>fatimskim przewodniczy J. E. Ks. Bp Sławomir Oder&nbsp;</strong><strong><br></strong><strong>z Gliwic.&nbsp;</strong>Zatem o godz. 10.00 rozpocznie się procesja różańcowa w parku fatimskim, o godz. 11.00 &#8211; uroczysta Eucharystia, w konsekwencji – jak zawsze&nbsp;<br>w fatimską niedzielę &#8211; nie będzie Mszy św. o godz. 10.00 i 11.30. Pozostałe bez zmian. Wszystkich serdecznie zachęcamy do udziału w modlitwie za Kościół Święty, naszą Ojczyznę oraz pokój na świecie, zwłaszcza w Ukrainie.&nbsp;</p>



<p><strong><em>2.</em></strong><strong><em>&nbsp;</em></strong>W&nbsp;najbliższy czwartek&nbsp;o godz.&nbsp;<strong>20.00</strong>&nbsp;rozpocznie się&nbsp;<strong>Godzina Uwielbienia</strong>&nbsp;połączona&nbsp;z indywidualnym błogosławieństwem Najświętszym Sakramentem.&nbsp;<br>W związku&nbsp;z powyższym serdecznie zachęcamy do udziału w tej modlitwie nie tylko wiernych naszej parafii ale także wszystkich wypoczywających&nbsp;<br>w Zakopanem.&nbsp;</p>



<p><strong>3.</strong>&nbsp;Pielgrzymów nawiedzających Sanktuarium Pani Fatimskiej na Krzeptówkach informujemy o stałej modlitwie za Kościół Święty, Ojca Świętego Franciszka&nbsp;<br>i naszą Ojczyznę;&nbsp;<strong>o godz. 12.00</strong>&nbsp;codziennie sprawowana jest Msza św. w intencji całego Kościoła i naszej Ojczyzny, poprzedzona nabożeństwem różańcowym&nbsp;<br>o godz. 11.30;&nbsp;<strong>o godz. 15.00</strong>&nbsp;– w kaplicy Matki Bożej &#8211; nabożeństwo do Bożego Miłosierdzia i &nbsp;adoracja&nbsp;Najśw. Sakramentu do godz. 17.45, o&nbsp;godz. 21.00&nbsp;– Apel Jasnogórski. A<a></a>&nbsp;z Sakramentu pojednania można skorzystać na każdej Mszy św. oraz codziennie od godz. 9.00 – 13.00 i od 15.00 do 18.00.</p>



<p><strong>4.</strong>&nbsp;W pomieszczeniu&nbsp;<strong>z&nbsp;</strong><strong>Pamiątkami i Dewocjonaliami</strong>, które znajduje się przy wejściu do parku fatimskiego, znajdują się publikacje dotyczące fatimskiego orędzia Matki Bożej, te które ukazują charyzmat tego miejsca, modlitewnik fatimski, natomiast w naszej furcie po każdej Mszy św. można zamówić intencje; indywidualne, gregoriańskie i wieczyste.</p>



<p><strong>Trwają wakacje</strong>… więc razem za Wami patrzę na Jutrzenkę i od niej chcę się uczyć… ona emanuje swoje piękno nawet, gdy nikt na nią nie patrzy. Błogosławionej niedzieli&nbsp;<br>i niech Pani Fatimska strzeże naszych wakacyjnych dróg a Bóg niech nas wspiera swoim błogosławieństwem.</p>
