{"id":26557,"date":"2025-06-06T10:43:56","date_gmt":"2025-06-06T08:43:56","guid":{"rendered":"https:\/\/smbf.pl\/?post_type=tablice&#038;p=26557"},"modified":"2025-06-13T10:45:28","modified_gmt":"2025-06-13T08:45:28","slug":"ur-zeslania-ducha-swietego-8-06-2025-r","status":"publish","type":"tablice","link":"https:\/\/smbf.pl\/en\/tablice\/ur-zeslania-ducha-swietego-8-06-2025-r\/","title":{"rendered":"\u200b\u200bUr. Zes\u0142ania Ducha \u015awi\u0119tego \u2013 8.06.2025 r.\u00a0"},"content":{"rendered":"\n<p><strong>Og\u0142oszenia duszpasterskie&nbsp;<\/strong><\/p>\n\n\n\n<p><strong><em>1<\/em>. Jeszcze nie tak dawno w Uroczysto\u015b\u0107 Zes\u0142ania Ducha \u015awi\u0119tego\u00a0&#8211;<\/strong>\u00a0ko\u0144czy\u0142 si\u0119 czas\u00a0Wielkanocny, tym samym czas zado\u015b\u0107uczynienia jednemu z przykaza\u0144 ko\u015bcielnych\u00a0\u200bm\u00f3wi\u0105cemu o<strong>\u201espowiedzi i komunii \u015bwi\u0119tej przynajmniej raz w roku w czasie\u00a0<\/strong>\u200b<strong>wielkanocnym\u201d. Obecnie \u00f3w czas jest wyd\u0142u\u017cony do Ur. Tr\u00f3jcy \u00a0Przenaj\u015bwi\u0119tszej.\u00a0<\/strong><\/p>\n\n\n\n<p>\u200b<strong>J<\/strong>ednocze\u015bnie przypominamy, \u017ce dzi\u015b mo\u017cna zyska\u0107 odpust zupe\u0142ny \u2013 na zwyk\u0142ych&nbsp;\u200bwarunkach \u2013 za uczestnictwo w publicznym \u015bpiewie hymnu \u201e<strong>O Stworzycielu Duchu&nbsp;<\/strong>\u200b<strong>przyjd\u017a&#8230;\u201d<\/strong><\/p>\n\n\n\n<p><strong>2<\/strong>.&nbsp;<strong>Jutro<\/strong>&nbsp;przypada \u015awi\u0119to Naj\u015bwi\u0119tszej Maryi Panny \u2013 Matki Ko\u015bcio\u0142a. Msze \u015bw.&nbsp;<br>w Sanktuarium o godz. 7.00; 12;00 i 19.00. Zach\u0119camy do udzia\u0142u we wsp\u00f3lnej modlitwie.<\/p>\n\n\n\n<p><strong>3<\/strong>. W pi\u0105tek przypada&nbsp;<strong><em>13 dzie\u0144 miesi\u0105ca czerwca&nbsp;<\/em><\/strong>i&nbsp;<strong><em>\u201e<\/em><\/strong><strong><em>czuwanie fatimskie<\/em><\/strong><strong><em>\u201d<\/em><\/strong><em>.&nbsp;<\/em><strong><em>Program czerwcowego&nbsp;<\/em><\/strong>czuwania fatimskiego jest nast\u0119puj\u0105cy;&nbsp;<strong>o godz. 15.00<\/strong>&nbsp;\u2013 Nabo\u017ce\u0144stwo ku czci Bo\u017cego Mi\u0142osierdzia,&nbsp;<strong>o godz. 18.30<\/strong>&nbsp;\u2013 pokutny r\u00f3\u017caniec fatimski a po jego zako\u0144czeniu uroczysta Msza \u015bw., za\u015b&nbsp;<strong>o godz. 21.00&nbsp;<\/strong>&#8211; Apel Maryjny w Sanktuarium&nbsp;<br>i procesja \u015bwiat\u0142a w parku fatimskim. W<strong>szystkich parafian, pielgrzym\u00f3w oraz wypoczywaj\u0105cych w g\u00f3rach serdecznie zach\u0119camy do udzia\u0142u we wsp\u00f3lnej modlitwie.<\/strong><\/p>\n\n\n\n<p><strong><em>4.&nbsp;<\/em><\/strong><strong><em>W najbli\u017csz\u0105 niedziel\u0119&nbsp;<\/em><\/strong><strong><em>przypadaj\u0105 uroczysto\u015bci fatimskie.&nbsp;<\/em><\/strong><strong><em>W zwi\u0105zku z tym&nbsp;<\/em><\/strong><strong><em><br><\/em><\/strong><strong><em>w niedziel\u0119 nie b\u0119dzie Mszy \u015bw. o godz. 10.00 i 11.30<\/em><\/strong><em>.<\/em><em>Pozosta\u0142e Msze \u015bw. bez zmian.&nbsp;<\/em><strong><em>Tego dnia o godz. 10.00 rozpocznie si\u0119 procesja r\u00f3\u017ca\u0144cowa w parku fatimskim,&nbsp;<\/em><\/strong><strong><em><br><\/em><\/strong><strong><em>a o godz. 11.00 &#8211; uroczysta&nbsp;<\/em><\/strong><strong><em>Eucharystia, kt\u00f3rej przewodniczy\u0107 b\u0119dzie J. E. Ks. Bp Andrzej Przybylski z Cz\u0119stochowy<\/em><\/strong><em>.<\/em>&nbsp;Uroczysto\u015bci fatimskie s\u0105 czasem modlitwy za ca\u0142y Ko\u015bci\u00f3\u0142 Powszechny z Jego Pasterzem Leonem XIX i nasz\u0105 Ojczyzn\u0119 \u2013 wszystkich wiernych zach\u0119camy do udzia\u0142u w tej modlitwie. &nbsp;<\/p>\n\n\n\n<p><strong><em>5.&nbsp;<\/em><\/strong>Otwarty jest sklepik z&nbsp;<strong>Pami\u0105tkami i Dewocjonaliami<\/strong>, kt\u00f3ry znajduje si\u0119 przy wej\u015bciu do parku fatimskiego, tam znajduj\u0105 si\u0119 publikacje dotycz\u0105ce fatimskiego or\u0119dzia Matki Bo\u017cej, te kt\u00f3re ukazuj\u0105 charyzmat tego miejsca, modlitewnik fatimski. Przy sklepiku czynna jest codziennie&nbsp;<strong>kawiarenka&nbsp;<\/strong><strong>Amakuru<\/strong><strong>&nbsp;w godz. 8.30 \u2013 17.00,<\/strong>gdzie mo\u017cna napi\u0107 si\u0119 kawy prosto z Afryki. Tym bardziej zach\u0119camy Pa\u0144stwa, bo doch\u00f3d ze sprzedanej kawy b\u0119dzie przeznaczony na budow\u0119 szko\u0142y w&nbsp;Kibeho.&nbsp;<strong><em>Natomiast w naszej furcie po ka\u017cdej Mszy \u015bw. mo\u017cna zam\u00f3wi\u0107 intencje: indywidualne, gregoria\u0144skie i wieczyste.<\/em><\/strong><\/p>\n\n\n\n<p><strong><em>6.<\/em><\/strong><em>&nbsp;<\/em>Dzisiaj przed Sanktuarium ma miejsce zbi\u00f3rka ofiar na rzecz Pa\u0144stwa&nbsp;<strong>El\u017cbiety&nbsp;<\/strong><strong><br><\/strong><strong>i Roberta Bachled\u00f3w z Cyrhli, kt\u00f3rych w dniu 17 maja dotkn\u0119\u0142a tragedia<\/strong>. Ogie\u0144 poch\u0142on\u0105\u0142 powa\u017cn\u0105 cz\u0119\u015b\u0107 ich rodzinnego domu wraz samochodem. Wszystkim pragn\u0105cym wesprze\u0107 ofiar\u0105 t\u0119 Rodzin\u0119 sk\u0142adamy serdeczne B\u00f3g zap\u0142a\u0107.<em>&nbsp;&nbsp; &nbsp;<\/em><\/p>\n\n\n\n<p><em>Niech Duch \u015awi\u0119ty obmyje w nas to co nie \u015bwi\u0119te, niech w serca osch\u0142ych wleje zach\u0119t\u0119&nbsp;<\/em><em><br><\/em><em>i niech uleczy rany naszych serc&#8230; Na zako\u0144czenie wsp\u00f3lnej modlitwy przyjmijmy Bo\u017ce b\u0142ogos\u0142awie\u0144stwo.<\/em><\/p>\n","protected":false},"featured_media":0,"parent":0,"menu_order":0,"template":"","class_list":["post-26557","tablice","type-tablice","status-publish","hentry"],"acf":[],"_links":{"self":[{"href":"https:\/\/smbf.pl\/en\/wp-json\/wp\/v2\/tablice\/26557","targetHints":{"allow":["GET"]}}],"collection":[{"href":"https:\/\/smbf.pl\/en\/wp-json\/wp\/v2\/tablice"}],"about":[{"href":"https:\/\/smbf.pl\/en\/wp-json\/wp\/v2\/types\/tablice"}],"wp:attachment":[{"href":"https:\/\/smbf.pl\/en\/wp-json\/wp\/v2\/media?parent=26557"}],"curies":[{"name":"wp","href":"https:\/\/api.w.org\/{rel}","templated":true}]}}

​​Ur. Zesłania Ducha Świętego – 8.06.2025 r.

<p><strong>Ogłoszenia duszpasterskie&nbsp;</strong></p>



<p><strong><em>1</em>. Jeszcze nie tak dawno w Uroczystość Zesłania Ducha Świętego &#8211;</strong> kończył się czas Wielkanocny, tym samym czas zadośćuczynienia jednemu z przykazań kościelnych ​mówiącemu o<strong>„spowiedzi i komunii świętej przynajmniej raz w roku w czasie </strong>​<strong>wielkanocnym”. Obecnie ów czas jest wydłużony do Ur. Trójcy  Przenajświętszej. </strong></p>



<p>​<strong>J</strong>ednocześnie przypominamy, że dziś można zyskać odpust zupełny – na zwykłych&nbsp;​warunkach – za uczestnictwo w publicznym śpiewie hymnu „<strong>O Stworzycielu Duchu&nbsp;</strong>​<strong>przyjdź&#8230;”</strong></p>



<p><strong>2</strong>.&nbsp;<strong>Jutro</strong>&nbsp;przypada Święto Najświętszej Maryi Panny – Matki Kościoła. Msze św.&nbsp;<br>w Sanktuarium o godz. 7.00; 12;00 i 19.00. Zachęcamy do udziału we wspólnej modlitwie.</p>



<p><strong>3</strong>. W piątek przypada&nbsp;<strong><em>13 dzień miesiąca czerwca&nbsp;</em></strong>i&nbsp;<strong><em>„</em></strong><strong><em>czuwanie fatimskie</em></strong><strong><em>”</em></strong><em>.&nbsp;</em><strong><em>Program czerwcowego&nbsp;</em></strong>czuwania fatimskiego jest następujący;&nbsp;<strong>o godz. 15.00</strong>&nbsp;– Nabożeństwo ku czci Bożego Miłosierdzia,&nbsp;<strong>o godz. 18.30</strong>&nbsp;– pokutny różaniec fatimski a po jego zakończeniu uroczysta Msza św., zaś&nbsp;<strong>o godz. 21.00&nbsp;</strong>&#8211; Apel Maryjny w Sanktuarium&nbsp;<br>i procesja światła w parku fatimskim. W<strong>szystkich parafian, pielgrzymów oraz wypoczywających w górach serdecznie zachęcamy do udziału we wspólnej modlitwie.</strong></p>



<p><strong><em>4.&nbsp;</em></strong><strong><em>W najbliższą niedzielę&nbsp;</em></strong><strong><em>przypadają uroczystości fatimskie.&nbsp;</em></strong><strong><em>W związku z tym&nbsp;</em></strong><strong><em><br></em></strong><strong><em>w niedzielę nie będzie Mszy św. o godz. 10.00 i 11.30</em></strong><em>.</em><em>Pozostałe Msze św. bez zmian.&nbsp;</em><strong><em>Tego dnia o godz. 10.00 rozpocznie się procesja różańcowa w parku fatimskim,&nbsp;</em></strong><strong><em><br></em></strong><strong><em>a o godz. 11.00 &#8211; uroczysta&nbsp;</em></strong><strong><em>Eucharystia, której przewodniczyć będzie J. E. Ks. Bp Andrzej Przybylski z Częstochowy</em></strong><em>.</em>&nbsp;Uroczystości fatimskie są czasem modlitwy za cały Kościół Powszechny z Jego Pasterzem Leonem XIX i naszą Ojczyznę – wszystkich wiernych zachęcamy do udziału w tej modlitwie. &nbsp;</p>



<p><strong><em>5.&nbsp;</em></strong>Otwarty jest sklepik z&nbsp;<strong>Pamiątkami i Dewocjonaliami</strong>, który znajduje się przy wejściu do parku fatimskiego, tam znajdują się publikacje dotyczące fatimskiego orędzia Matki Bożej, te które ukazują charyzmat tego miejsca, modlitewnik fatimski. Przy sklepiku czynna jest codziennie&nbsp;<strong>kawiarenka&nbsp;</strong><strong>Amakuru</strong><strong>&nbsp;w godz. 8.30 – 17.00,</strong>gdzie można napić się kawy prosto z Afryki. Tym bardziej zachęcamy Państwa, bo dochód ze sprzedanej kawy będzie przeznaczony na budowę szkoły w&nbsp;Kibeho.&nbsp;<strong><em>Natomiast w naszej furcie po każdej Mszy św. można zamówić intencje: indywidualne, gregoriańskie i wieczyste.</em></strong></p>



<p><strong><em>6.</em></strong><em>&nbsp;</em>Dzisiaj przed Sanktuarium ma miejsce zbiórka ofiar na rzecz Państwa&nbsp;<strong>Elżbiety&nbsp;</strong><strong><br></strong><strong>i Roberta Bachledów z Cyrhli, których w dniu 17 maja dotknęła tragedia</strong>. Ogień pochłonął poważną część ich rodzinnego domu wraz samochodem. Wszystkim pragnącym wesprzeć ofiarą tę Rodzinę składamy serdeczne Bóg zapłać.<em>&nbsp;&nbsp; &nbsp;</em></p>



<p><em>Niech Duch Święty obmyje w nas to co nie święte, niech w serca oschłych wleje zachętę&nbsp;</em><em><br></em><em>i niech uleczy rany naszych serc&#8230; Na zakończenie wspólnej modlitwy przyjmijmy Boże błogosławieństwo.</em></p>
